= -4*l, i = 3*l - 8. Suppose 2*d - f = 5, -3*d + 2*f = -1 - 7. Let u be 3*d/6*i. Let r(p) = -p**3 - 2*p**2 + 2*p + 3. What is r(u)?
-1
Let d(a) = -a**2 + 1. Let f be ((-35)/7 - -5) + -1. Let w(t) be the second derivative of t**3 + 5*t**2/2 - 2*t. Let k be w(f). What is d(k)?
0
Let o(h) be the first derivative of h**3 + h**2 - 1. Suppose 6 + 28 = 34*p. Calculate o(p).
5
Let r(t) be the second derivative of -t**3/6 - 3*t**2/2 - t - 216. What is r(3)?
-6
Let l(h) = -h**3 + 24*h**2 + 23*h + 33. Suppose -20*r - 70*r + 1061 + 1189 = 0. Calculate l(r).
-17
Let n = 8 - 6. Suppose 2*w = -j - 4*j + 11, 0 = n*w + 4. Let t(m) be the first derivative of m**4/4 - m**3 - m**2 + 4*m - 35433. Calculate t(j).
-2
Let v(o) be the second derivative of o**5/20 - o**4/6 - 3*o**3/2 + 3947*o. Calculate v(6).
90
Let d be -1*2 - 2*40/(-16). Let i(p) = 4. Let u(t) = -t - 9. Let y(w) = -13*i(w) - 6*u(w). Determine y(d).
20
Suppose 3*y - 31 = -4*g, 4*g - 3*y - 283 = -210. Let f(a) = -a**2 + 21*a - 90. Determine f(g).
14
Let t = 8 + -6. Suppose t*i + i + 3 = 0. Let v(d) be the second derivative of -2*d**3/3 + d**2/2 + 5*d. Give v(i).
5
Let t(n) = n**3 - 63*n**2 + 3*n - 201. Let h be t(63). Let o(x) = -x**2 - 13*x + 25. Calculate o(h).
37
Let f(p) = -p**3 + 9*p**2 + 2*p - 15. Let y be f(9). Let t(r) = 0*r - r**y + r + r + 4*r**2 - 3. What is t(3)?
12
Let r be 13/(18 + (-39 - -20)). Let v(c) = -c**2 - 14*c - 13. Calculate v(r).
0
Let z be (-4 + 5)*-6 - -5. Let u(w) = 1. Let r(m) = 3*m + 7. Suppose -l = -2 - 1. Let b(j) = l*u(j) + z*r(j). Determine b(6).
-22
Let r(n) = n**2 + 12*n + 9. Let x be -4*(-1)/((-8)/82). Let q = 37 + x. Let v be q/12 + -8*4/3. Give r(v).
-2
Let v(n) = 3*n**3 - 4*n**2 + 2*n. Let k(u) = -2*u**2 - u + 10. Let i be k(0). Suppose -i*r + 26 = 6. Calculate v(r).
12
Let l(r) = 3*r - 2. Let v(h) = 9*h - 21. Let m(g) = 3. Let k(j) = 4. Let t(i) = -4*k(i) + 5*m(i). Let n(d) = t(d) + v(d). Let a be n(3). Determine l(a).
13
Let n(k) be the second derivative of k**7/1260 - k**6/720 - k**5/30 + k**4/3 - 5*k**3/6 - 10*k. Let p(m) be the third derivative of n(m). What is p(-3)?
17
Let r(a) be the third derivative of a**6/120 + a**5/12 + a**4/24 - 5*a**3/2 - 1087*a**2 - 2*a. Determine r(-6).
-57
Let u(p) = -p**3 + p**2 - p + 5. Let h be u(0). Let b(w) = 314*w**3 - 315*w**3 - 2 - 4*w + 2*w + 3*w + 6*w + 4*w**2. Determine b(h).
8
Let q(i) = -2*i**2 - 5*i + 2. Suppose -3*k + 5*k + 4*m = 212, 0 = 3*m - 15. Suppose -91*x + k*x + 20 = 0. Determine q(x).
-10
Let z(r) be the second derivative of -r**8/6720 + r**7/315 + r**6/720 - r**5/30 - 35*r**4/6 + 100*r. Let p(y) be the third derivative of z(y). Give p(8).
4
Let v = 2 + 28. Suppose -3*d + 3*j + v = 0, j - 1 = -2. Suppose -d*h - 16 + 7 = 0. Let u(g) = 3*g**2 + g + 1. Give u(h).
3
Suppose 0*q - 2*q = -4. Let i be 30 + -24 - (5 + -2 + -2). Let y(f) = 4*f**3 - 3*f**3 - 1 - 2*f**3 + i*f**q - f - 6. What is y(5)?
-12
Suppose 4*n + 9 = 11 + 22. Let h(s) = s**2 - 37. Determine h(n).
-1
Let a(u) = -u + 7. Let m be (-5 - -2)/(9/(-12)). Let v = 0 + m. Let s be (0 + v)*6/12 + 3. Calculate a(s).
2
Let o(c) be the third derivative of c**6/120 + 17*c**5/60 - 2*c**4/3 + 11*c**3/6 - 4*c**2 + 22. Give o(-18).
-25
Let j = -9913 - -9908. Let m(z) = 2*z**3 + 12*z**2 + 11*z + 4. Calculate m(j).
-1
Suppose 4*h + 6 = 10*h. Let v(f) be the third derivative of -f**5/30 + f**4/24 - f**3/3 + 14*f**2 + 1. What is v(h)?
-3
Let x(r) = r**2 - 4*r - 6. Let z(p) = p - 3. Let n be z(5). Suppose -3*h = 2*v - 29, n*v + 0*v - 2*h - 4 = 0. Calculate x(v).
15
Let j(r) = r**2 - 11*r + 9. Let s be 2 + -2 - -1*(-2 + 6). Suppose -u + 7 + 33 = s*y, 0 = -2*y + 3*u + 6. Determine j(y).
-9
Suppose 251*m - 1055 - 95 = 3117. Let y(x) = -x**3 + 16*x**2 + 17*x + 13. Calculate y(m).
13
Let g(y) = 29*y + 0*y + 6 - 24*y - 47*y - 2*y**2. Determine g(-21).
6
Let n(q) = 4*q + 7. Suppose -2*i - 679 + 2911 = 4*k, -5*k + 3349 = 3*i. Suppose -i + 1121 = -r. Determine n(r).
-5
Let z(y) = -25*y**3 - 9*y**2 + 28*y - 7. Let a(v) = 13*v**3 + 5*v**2 - 16*v + 4. Let d(g) = -7*a(g) - 4*z(g). Determine d(1).
10
Let l(q) = -1035*q**2 + 472*q**2 + 564*q**2 + 0*q**3 - 9*q**3. Suppose 2 = -2*j + 4. Determine l(j).
-8
Suppose -44 = -5*z - 4*b, 0*z - 2*z + 15 = -b. Suppose 0 = -4*i + 2*i + z. Let f(w) = 5 + 2*w - 1 - 3*w. Give f(i).
0
Let g(x) = -x**2 - 3*x - 17. Let r(i) be the second derivative of -i**4/4 - 5*i**3/3 - 49*i**2/2 - 25*i. Let a(f) = -17*g(f) + 6*r(f). Give a(-8).
3
Let x be ((-4)/8)/((-35)/(-3150)). Let b(u) = -u**3 - 47*u**2 - 92*u - 84. Give b(x).
6
Let w(o) = -o + 2. Let x = -180 + 179. Let p(n) = 15*n - 36. Let u(g) = x*p(g) - 18*w(g). Give u(-1).
-3
Let k be (-63)/(-14)*(-2 - -4). Let r(g) = -g**2 + 12*g - 26. Give r(k).
1
Suppose -14 = 3*o - 5, -2*x + 25 = -5*o. Suppose 3*c - 2*c - x*k - 27 = 0, -3*c = -2*k - 133. Let i = 47 - c. Let w(s) = -s + 4. Calculate w(i).
4
Let g(l) be the third derivative of l**5/60 + 31*l**4/24 + 10*l**3/3 - 88*l**2. Let y be g(-30). Let p(c) = -c**2 - 6*c + 10. Give p(y).
-30
Let g(y) = y**2 + 2*y + 9. Let f be g(0). Let z(n) = -f*n - 4 + 6*n - n - n - n**2. Let k(s) = -s**2 + 7*s - 14. Let m be k(5). What is z(m)?
0
Suppose -3*w - 2*w = 0. Let o = w + 2. Suppose 2*g - 14 = 4*v, o*g + v + 5 = g. Let m(p) = -8*p**2 - 2*p - 1. Determine m(g).
-7
Let u(h) = -150*h - 4923. Let r be u(-33). Let n(j) = 4*j - 99. What is n(r)?
9
Let h(q) = -q**3 - 9*q**2 + 11*q + 9. Let b = -88 - -78. What is h(b)?
-1
Let x(a) = -5*a**2 - 1115*a + 2. Let w be x(0). Let q(p) = -p + 2 + 0 + 2*p**2 - 2*p. Determine q(w).
4
Let o(h) = -h - 5. Let f be -83 + 97 + (-8 - 0). Calculate o(f).
-11
Let i(z) = -4*z - 130 + 130. Let v(l) = -12*l - 95. Let o be v(-8). Determine i(o).
-4
Let p(i) = 4*i - 1. Suppose -56 = 31027*d - 31013*d. Determine p(d).
-17
Suppose 14*b - 27 = 11*b. Let k(n) be the second derivative of -n**5/20 + 2*n**4/3 + 7*n**3/3 - 11*n**2/2 + 198*n. Calculate k(b).
34
Let t(d) = -9*d + 47. Let a(s) = s**3 + 10*s**2 - 65*s - 39. Let v be a(5). Give t(v).
-52
Let i(w) = -17*w - 99. Let d be i(-6). Let x(r) = -548*r**3 + 279*r**3 + 5*r**2 + 268*r**d + 7. What is x(5)?
7
Suppose 0 = 5*h - 4*d - 101, -h - d + 47 = 2*h. Let v(p) = 5*p**2 + 39*p - 27. Let s(c) = -3*c**2 - 32*c + 26. Let l(x) = 3*s(x) + 2*v(x). Give l(h).
7
Let v(t) = -2*t**3 - t**2 - 5*t + 22. Let i be v(4). Let b = -135 - i. Let h(x) = 2*x - 10. Determine h(b).
4
Let t = -18232 - -18224. Let k(b) = b**3 + 7*b**2 - 11*b - 29. Give k(t).
-5
Suppose -7685*q - 25 = -7680*q. Let m(d) = -d**2 - 17*d - 65. Calculate m(q).
-5
Let d be 3751/93 - 2/(-3). Let h(s) = -d*s + 42*s + 1 - 3 - 3*s**2. Determine h(1).
-4
Let c = 349 - 350. Let y be c*(5 - (-4)/(-2)). Let n(z) = z**2. Calculate n(y).
9
Let y(d) = -d - 6. Let h(u) = 1. Let t(s) = -6*h(s) - y(s). Let f be t(-2). Let n(c) be the first derivative of -c**2/2 - c + 2. Calculate n(f).
1
Let q be ((-30)/9)/((-15)/(-2385)). Let x = q + 537. Let k(j) = j**2 - 3*j + 1. Calculate k(x).
29
Let n(f) be the third derivative of -f**6/720 + f**4/24 + 41*f**3/6 + 5*f**2 + 12. Let g(o) be the second derivative of n(o). What is g(1)?
-1
Suppose -5*l = 4*c - 86, -c - 2*l = -27 + 1. Let b(j) = -j**3 + 11*j**2 + 43*j - 5. Determine b(c).
9
Let j(p) = p**2 - 5*p - 3. Let m(v) = -v**2 + 5*v + 3. Suppose 0 = r - a - 10, 4*a - 40 = -3*r + 9*a. Let d(g) = r*j(g) + 6*m(g). Determine d(6).
-3
Let p(g) = 9*g**3 - 5*g**2 - 6*g - 2. Let b(d) = 5*d**3 - 3*d**2 - 3*d - 1. Let k = -1191 + 1195. Suppose -4*m - m = 35. Let x(c) = k*p(c) + m*b(c). Give x(-2).
1
Let n = 9946 + -9935. Let k(u) = -u - 30. Calculate k(n).
-41
Let o(u) = -1 - 1 - 4 + 461*u - 457*u + 4*u**2 - 3*u**2. Calculate o(8).
90
Let n(j) = j**3 - 41*j**2 + 13*j - 541. Let b be n(41). Let u(g) = g**3 + 8*g**2 - g + 13. Give u(b).
21
Let j(r) = 20*r + 13. Let a(u) = -9*u - 5. Let b(h) = 10*a(h) + 4*j(h). Let d(w) = -3*w**2 - 2*w + 2. Let s be d(-1). Determine b(s).
-8
Let q(t) = -7*t**2 - 58*t + 52. Let d(k) = -6*k**2 - 49*k + 51. Let y(v) = 8*d(v) - 7*q(v). What is y(-4)?
4
Let k(u) = u + 17. Let r = -137 + 759. Let x = r - 632. What is k(x)?
7
Let k = -7 + 17. Let i(s) = -6 - 5 + 9*s - 16*s + 6*s + 15. What is i(k)?
-6
Let w(t) = t + 4. Let m be ((-23)/(-4 + 3))/(-1). Let o = m + 59. Let v = o + -30. Determine w(v).
10
L